ose -h + 644 = h. Let f = 14 + -161. Let d = h + f. What is the hundreds digit of d?
1
Let l = 10237 - 5447. Suppose -l + 255 = -5*k. What is the hundreds digit of k?
9
Suppose 5*f = 9*f + 20, 2*f = 2*r - 3368. What is the tens digit of r?
7
Let r = 9663 - -9615. What is the units digit of r?
8
Suppose -13*y = -4*y - 144. Suppose 1620 = 26*r - y*r. What is the units digit of r?
2
Let l(a) = 541*a + 2. Let x(f) = -271*f - 2. Let t(g) = -6*l(g) - 11*x(g). What is the tens digit of t(-1)?
7
Let j(a) = -2*a**3 + 30*a**2 + 30*a + 32. Let w be j(16). Suppose w = 13*k - k - 1656. What is the units digit of k?
8
Let y(r) = -18*r + 204. Let w be y(10). Suppose w*u + 14976 = 40*u. What is the tens digit of u?
3
Let z(g) = g**3 + 7*g - 7. Let k be z(7). Let s = k - 147. What is the tens digit of s?
3
Let k(z) = z**3 + 11*z**2 - z + 5. Let c be ((-9)/(-6)*-1)/(1/6). What is the hundreds digit of k(c)?
1
Suppose 0 = 7*n - 6*n + g - 3996, -11990 = -3*n - 4*g. What is the hundreds digit of n?
9
Suppose -4*q - 58019 = -9*q + 3*t, t = 5*q - 58023. Suppose -11209 = -22*a + q. What is the units digit of a?
7
What is the tens digit of -8521*(-12 + 9)/3?
2
Let r(b) be the second derivative of -b**5/20 + 11*b**4/12 - 4*b**3/3 + 9*b**2 + b. Suppose -5*g = 46*g + 16*g - 670. What is the units digit of r(g)?
8
Let u(b) = b**3 - 38*b**2 + 289*b - 154. What is the thousands digit of u(32)?
2
Let c = 79 - 74. Suppose -5*x + 1350 = c*l, 5*x + 4*l - 1627 = -275. Let u = x + -139. What is the tens digit of u?
3
Let l(v) be the third derivative of -v**6/24 + v**5/30 + v**4/8 - 13*v**3/2 + 8*v**2 + 1. What is the tens digit of l(-5)?
2
Let c be (20/15)/(2/(-126)). Let s be (-3)/((-22)/(-8) + -2). What is the units digit of 0 - (c + 2 + s)?
6
Suppose -w = 3*z - 80374, 79*w + 321384 = 83*w - 2*z. What is the ten thousands digit of w?
8
Let d = 285 - 103. Let b be (-166 - -2)*2/(-8). Suppose 2*t = -c + b, t - d = -4*c + 2*t. What is the tens digit of c?
4
Let x = -7 + 30. Suppose -4*q = -l - 22 - x, -4*q + 39 = 5*l. Suppose 0 = -8*c + q*c - 168. What is the tens digit of c?
5
Let j be ((-8)/(-28))/((-18)/45192)*-3. Suppose 853 - j = -3*h. What is the units digit of h?
3
Let o = 90 - 43. Let t = o + -45. Suppose -288 = t*x - 6*x. What is the units digit of x?
2
Let k = -2682 + 2709. What is the units digit of k?
7
Let d = -46 + 51. What is the tens digit of ((-40)/d - -4) + 5 - -862?
6
Suppose -19*x - u + 2690 = -16*x, -2*u - 3610 = -4*x. What is the units digit of x?
9
Let r(o) = -o**3 + 43*o**2 + 530*o - 44. What is the hundreds digit of r(-22)?
7
Let s = 5235 - -46626. What is the units digit of s?
1
Suppose -7*b = -17 - 46. Suppose -6*m + 3*m = -b. What is the tens digit of 9*(4/m - 1) - -201?
0
Suppose 8*p + 201509 = 37*p - 166472. What is the hundreds digit of p?
6
What is the tens digit of (-80)/(-48) - 325864/(-12)?
5
Let v = 218 + -206. Suppose -v*b + 24*b = 6660. What is the tens digit of b?
5
Let u be (-1)/((-5)/((-525)/(-5))). Suppose -u*l + 105 = -18*l. What is the tens digit of l?
3
Let c(n) = -26*n - 165. Let w be c(-28). Let b = 1006 - w. What is the units digit of b?
3
What is the ten thousands digit of (445 + -47)*223/2?
4
Suppose 0*z - 18 = -4*z + 5*r, 5*r + 6 = -2*z. Suppose 2*n - 89 = v, 5*n - 3*v + z*v = 221. Let g = n - 1. What is the units digit of g?
3
Let b = 21385 + 7687. What is the ten thousands digit of b?
2
Suppose 3*k - i = 7026, -3*k = 3*i - 6109 - 917. Suppose -d = -3*r - 594, 3*r - k = -4*d - 2*r. What is the hundreds digit of d?
5
Let g(r) = -58*r - 43. Let a be g(-11). Let q = a - -23. What is the tens digit of q?
1
Let b = 35 - 44. Let m = b - -22. Suppose 22 + m = i - 2*y, -y + 120 = 5*i. What is the tens digit of i?
2
Let t(z) = -20*z**3 - 3*z**2 + 20*z + 3. Let d be t(-7). Suppose 8*l = d + 224. What is the tens digit of l?
5
Suppose 0 = 78*s - 62*s - 51776. What is the tens digit of s?
3
Let v(b) = 43*b + 199. Let c be v(-4). Let k be -2*2/4*3. What is the units digit of 3/((-36)/280)*c/k?
0
Let m(x) = -4*x + 129. Let q be m(28). Suppose -q*g + 3296 + 2246 = 0. What is the hundreds digit of g?
3
What is the hundreds digit of (-296)/185 + (-147892)/(-20)?
3
Let z = 12409 + -3085. What is the tens digit of z?
2
Suppose -3*x = 4*u + 9, u + 6 = 3*u - 2*x. Suppose -46*d - 215 = -212 + 411. What is the hundreds digit of (-784)/48*(d - u)?
1
Suppose -15990 = 9613*m - 9616*m. What is the hundreds digit of m?
3
Let f(b) be the first derivative of 10*b**3 + 2*b**2 + b - 3. Let p be f(-1). Suppose 5*a = 5*o - p + 397, 5*a + 3*o = 394. What is the units digit of a?
7
Let k = -255 - -263. What is the units digit of (0 + 0 - 2)/(k/(-2236))?
9
Let q(f) = 147*f**2 + 20*f + 34. What is the hundreds digit of q(-15)?
8
Let y = 12679 + -6023. What is the hundreds digit of y?
6
Let q(c) = -1435*c + 157. What is the thousands digit of q(-7)?
0
Let i = -452 - -1730. Suppose -5*t + 4233 = 3*g, -4*t = 2*g + i - 4664. What is the tens digit of t?
4
Suppose h + 2*k - 4*k - 1534 = 0, 0 = -k - 3. Suppose 4*i = 2*v + v + h, 0 = -i + 3*v + 373. What is the tens digit of i?
8
Let n = 17504 - 109. What is the units digit of 6/8 - n/(-28)?
2
Suppose -45253 = -25*c + 141501 + 116721. What is the thousands digit of c?
2
Let y be ((-67)/(-134))/((-1)/2). What is the hundreds digit of -317*(-4 - (y + 0))?
9
What is the units digit of (2 - (39/3 + 1))*3110/(-8)?
5
Suppose -5*h - 4 = d + 7, 5*d - 3*h - 29 = 0. Suppose 0 = -b - 3*w + d*w + 289, b - 2*w = 291. What is the hundreds digit of b?
2
Let x = 90604 - 36334. What is the thousands digit of x?
4
Let s be ((-47008)/(-12))/(-4) - 10/15. Let l = s + 1686. What is the units digit of l?
6
Suppose -4*i + s + 9059 = 0, -2*s = -3*i + 3*s + 6790. Suppose 5*m = -19*j + 24*j - i, -4*m - 916 = -2*j. What is the tens digit of j?
4
Let l = -17009 + 32742. What is the hundreds digit of l?
7
Let q = 75482 + -11932. What is the units digit of q?
0
Let w = -3251 + 3609. What is the hundreds digit of w?
3
Let b(c) = c**2 - 26*c + 16. Let o be b(25). Let a = 13 - o. Suppose -3*k - a + 247 = 0. What is the units digit of k?
5
Let o = 248 + 2016. What is the tens digit of o?
6
Let x = 196 - 193. Suppose 2*i + 686 = t - 462, -x*i - 4592 = -4*t. What is the hundreds digit of t?
1
Let u(w) = -w**3 - 9*w**2 + 8. Suppose 3*v = -4*i - 7, -4*v + 3*i + 2*i = 61. Let q be u(v). What is the tens digit of (q/4)/(-2) - -35?
3
Let z(l) be the second derivative of -l**5/10 + 3*l**4 + 7*l**3/2 - 18*l**2 + 12*l - 2. What is the units digit of z(18)?
2
Let j = -33000 + 53830. What is the tens digit of j?
3
Suppose -4*v - 18 + 46 = 0. Let x(r) = -4*r - 455*r**2 + 239*r**2 + 217*r**2 + 5*r - 5. What is the tens digit of x(v)?
5
Let u(f) = 127*f**3 + 19*f**2 - 34*f - 4. What is the ten thousands digit of u(6)?
2
Suppose 654*g + 16439 = 655*g + 4*r, 82305 = 5*g - 2*r. What is the units digit of g?
9
Suppose -11*y - 8975 = -5*h - 12*y, -2*h = 2*y - 3582. Suppose h = 17*q - 3304. What is the hundreds digit of q?
3
Suppose 18*n - n = 0. Suppose -3*i + 654 + 174 = n. What is the units digit of i?
6
Suppose 0 = -13*q + 12*q + 23. Suppose 4019 = q*g - 4077. What is the tens digit of g?
5
Suppose 0 = 5*j, -6*s - 3*j - 576 = -3*s. Let x be (103/(-2))/((21/s)/(-7)). What is the tens digit of (x/(-20) - (-2)/10) + 0?
6
Let n(p) = -p**2 - 13*p - 18. Let j be n(-12). What is the units digit of (-8)/12*63/j?
7
Let l = 43203 + -14044. What is the thousands digit of l?
9
Let r(g) = -2*g - 2. Let o be r(-7). Suppose 22*n - 26*n = -o. Suppose 3*p - 387 = -2*q - 0*q, n*q - 4*p = 623. What is the hundreds digit of q?
2
Let y(v) = 16*v**2 - 96*v - 1584. What is the hundreds digit of y(-19)?
0
Let b = -115 - -53. Let m be b*(-2)/28 + 32/56. Suppose -m*h - 284 = 5*p - 1029, 2*h + 152 = p. What is the tens digit of p?
5
Suppose 0*w - 6*w - 18 = 0. Let h(r) = 5*r**3 + r**2 - 2. Let i be h(w). Let n = i + 306. What is the tens digit of n?
7
Suppose -3*o + 117298 = -5*r, 255*o = 260*o + r - 195562. What is the hundreds digit of o?
1
Suppose 9*f - 14*f - 3*z - 2420 = 0, z - 957 = 2*f. What is the tens digit of 74/f - (-19868)/26?
6
Let r(o) = -46*o - 317. Let b be r(-8). Suppose -64*q + 25051 = -b*q. What is the hundreds digit of q?
9
Let z be ((-5)/(-15)*63)/((-3)/(-2)). Suppose -19*p 